
11
Let a(s) = s**3 + 11*s**2 + 6*s + 7. Let z be (1*(-15)/(-6))/((-124)/496). What is a(z)?
47
Suppose -114*p + 129*p + 75 = 0. Let x(l) = -14*l**2 - 5*l - 14. Let y(m) = 5*m**2 + 2*m + 5. Let h(w) = -6*x(w) - 17*y(w). Determine h(p).
-6
Let x be (2 - 3)/(1/(-32)). Let y = -7 + 36. Let o = y - x. Let v(z) = z**3 + 3*z**2 - 2*z - 4. Calculate v(o).
2
Suppose -4*o + 3*o - t = -483, 5*o = -3*t + 2411. Let s(b) = -b**3 + o*b - 9*b**2 - 487*b + 3 + 3. Give s(-8).
-10
Let h(q) = -q - 10. Let g(j) = j**2 - 20*j + 46. Let v be (-2 - (-45)/20)/((-6)/(-72)). Let d be g(v). Determine h(d).
-5
Let o be (-6)/(-9) + (-160)/320. Let r(c) be the second derivative of 5/2*c**2 - o*c**3 + 12*c + 0. What is r(4)?
1
Let i(o) = o**2 - 5*o + 1. Let b be i(4). Let q(w) be the second derivative of w**5/20 + w**4/6 + w**2/2 + 23461*w. Calculate q(b).
-8
Let m(y) = 4*y + 12. Let h(c) = 8*c + 25. Let x(l) = 7*h(l) - 13*m(l). Calculate x(7).
47
Let q(w) = w**2 - 8*w + 6. Let i(h) = h + 1. Let s(n) = -i(n) + q(n). Let r(y) = -3*y**2 - 4*y + 9. Let c be r(0). What is s(c)?
5
Let i(h) = -h**2 - 12*h - 14. Let d be i(-10). Let x(a) be the second derivative of a**3/2 - 5*a**2/2 + 32*a - 4. Calculate x(d).
13
Let q(m) = -m**3 + 2*m - 2. Let a(j) = j**2 + 5*j + 359. Let k be a(0). Let o = k - 356. Give q(o).
-23
Let m(n) = 7 + 3*n + 24*n - 12 + 2*n**3 - 26*n**2 - 2*n. What is m(12)?
7
Let n(f) = -f**2 + 2*f + 1. Suppose -4*x - 174 + 62 = 0. Let h be x*1*5/(-10). Suppose g - 8*g + h = 0. Determine n(g).
1
Suppose 35*n - 6*n - 24 - 5 = 0. Let u(g) = 3*g - 8. Calculate u(n).
-5
Let j(h) = -2068*h**2 - 20*h - 12 + 7*h + 1420*h**2 + 726*h**2. Determine j(-1).
79
Let p = 21151/63435 + -2/21145. Let b(v) be the first derivative of -4*v + 3*v**2 - 22 - p*v**3. Determine b(5).
1
Let p(u) = -4*u**2 - 3*u + 2. Suppose -70*c - 68 = -74*c. Suppose -27 = c*l + 24. What is p(l)?
-25
Suppose 54*s + 27809 + 8155 = 0. Let z = s - -659. Let q(i) = -i**3 - 9*i**2 - 16*i - 7. Calculate q(z).
7
Suppose a = -o + 5*a + 6, -3*o + 2*a - 12 = 0. Let d be 20/o*(-12)/8. Let v(p) = d*p - 7*p + p - 5. Give v(-4).
-1
Suppose 17*g - 18*g + 28 = -5*f, -4*f = 20. Suppose 5*q + 25 = g*a + 4*q, 0 = -3*a + 4*q + 19. Let s(b) = -b**2 + 7*b + 6. Calculate s(a).
-12
Let g(z) = z**3 - 8*z**2 + 15*z - 3. Suppose -5*h + 30 = -5*i, -7*h + 24 = -3*h + 4*i. Calculate g(h).
15
Let t(h) be the second derivative of h**4/8 - 3*h**2/2 + 3*h. Let g(r) be the first derivative of t(r). Suppose 34*z + 69*z = 515. Determine g(z).
15
Suppose -3*f + 12 = 11*a + 31, -2*a + 2*f - 6 = 0. Let l(w) = w**3 - w**2 - 4*w - 8. Calculate l(a).
-12
Let w(h) be the second derivative of h**3/6 + 5*h**2/2 + 806*h. Determine w(-4).
1
Suppose -4 = 2*d - 3*d, -4 = 4*s + d. Let h(y) = -5*y - 4. Let l(p) = 10*p + 6. Suppose 4*c + 33 = 15*c. Let z(a) = c*l(a) + 5*h(a). Determine z(s).
-12
Let j(b) be the first derivative of -b**4/4 - 7*b**3/3 - 3*b**2 + 2*b + 2403. Suppose -v = 2*z + 10, -32 = 4*z - v - 3*v. Calculate j(z).
2
Let i(n) = 8*n**2 + 40*n - 4. Let u(p) = -13*p**2 - 70*p + 9. Let j(s) = 10*i(s) + 6*u(s). What is j(7)?
-28
Let m = -220 - -222. Let p(t) = 12*t - 71*t**2 - 16*t + 72*t**m + 2. Calculate p(3).
-1
Suppose 502*q + g - 15 = 506*q, -5*g + 59 = -4*q. Let b(i) be the second derivative of -2*i**5 + i**3/3 + i**2/2 + i. Give b(q).
39
Let s(v) be the third derivative of -v**4/8 - 4*v**3 + 2751*v**2 - 2*v. Let u be (-11 - -1)/(2 + -1). Calculate s(u).
6
Let a(g) be the first derivative of -4*g - 4/3*g**3 - 2*g**2 + 96 - 1/4*g**4. What is a(-3)?
-1
Let b(x) = x**3 - x**2 - 2*x + 2. Let h(z) = 8*z**3 - 8*z**2 + 25. Let d(k) = 6*b(k) - h(k). Calculate d(-1).
3
Let m(z) be the first derivative of -z**6/360 + 2*z**4/3 - 209*z**3/3 + 181. Let q(g) be the third derivative of m(g). Give q(0).
16
Let l be -4 - (-3 - -4)*1. Let j be 3 - (-280)/(-147) - (-6)/(-63). Let x(u) = -3 + 0 + j + u + 2. What is x(l)?
-5
Let a(z) be the second derivative of -z**3/6 - 37*z**2/2 - 2*z + 863. Determine a(-23).
-14
Let x(f) = -22*f + 2. Let v(l) = -138*l + 14. Let c(z) = 70*z - 7. Let b(k) = 5*c(k) + 3*v(k). Let w(p) = 2*b(p) - 7*x(p). Let y = 30 + -29. What is w(y)?
26
Let w be 41/(-7) + 6/7. Let p(h) = 2*h - 108 + 0*h + 118. Give p(w).
0
Suppose 3*a - 5*s - 6 = a, 0 = -5*a + s + 15. Let r(d) = 18*d**2 + 5*d + 5 - 19*d**2 - a*d - d**3 - 2. What is r(-2)?
3
Let i = 51 - 38. Let y(m) = m + 0*m**2 - 5*m**2 - i - 3*m - m**3 + 10. Let c(f) = 21*f + 79. Let a be c(-4). Calculate y(a).
7
Let o(h) = -13*h - 409. Suppose 0 = -16495*a + 16447*a - 1536. Give o(a).
7
Let h(t) = -22*t - 1314019*t**2 - 47*t + 95 + 1314017*t**2. Give h(-36).
-13
Let s(u) = 9*u - 12. Let c(v) = v**2 + 2*v + 2. Let k be c(3). Suppose 5*m + k = -8. Let a(n) = 4*n - 6. Let d(o) = m*a(o) + 2*s(o). What is d(5)?
-4
Let o(p) = 3*p + 32. Let l = -1778 - -1771. Give o(l).
11
Let a = 17 - 12. Let r(w) = -w**2 + 12*w - 20. Let y be r(8). Let s(q) = 6*q**2 - 14*q**3 - q**2 + q**3 + 5 - 2*q + y*q**3. Calculate s(a).
-5
Let q(v) be the first derivative of -v**2/2 - 9*v + 2. Let j(t) = 2717*t - 46194. Let m be j(17). Calculate q(m).
-4
Let l(q) = -q**3 - 3*q**2 - 3*q + 3. Let z be l(-2). Let w be -5*(z + -1 - 3). Let f(x) = 0*x - 4 + 9 + x + x. Determine f(w).
-5
Let l = 10841 - 10838. Let a(i) = i**2 - i + 1. Let p(k) = 3*k. Let x(q) = 2*a(q) + p(q). Calculate x(l).
23
Suppose -19 = 5*b + w, b - 3*w = -6*w - 15. Let g(z) be the third derivative of z**4/6 - z**3/2 - z**2 + 210*z. Determine g(b).
-15
Let x(p) = -25*p**2 - 4*p - 22. Let b(k) = 8*k**2 - k + 3. Let y(u) = 3*b(u) + x(u). What is y(-5)?
-3
Let k(b) = -2*b - 30*b + 41*b - 7*b + 5. Suppose -3*t - 15 = -0*t. What is k(t)?
-5
Let c(g) = -8*g - 14*g**2 + 80*g**3 + 3*g**2 + 35*g - 79*g**3 - 8 - 1. Determine c(4).
-13
Suppose -5*g + 6*s + 0 = -5, s = 5*g - 5. Let c(t) = 23*t**2 + 3*t - 2. What is c(g)?
24
Let b be 3/((-42)/(-396) + (-8)/(-132)). Let l(t) = 2*t**3 - 36*t**2 + 5*t - 57. Give l(b).
33
Let z = -4060 - -4060. Let i(r) be the second derivative of 0*r**2 - 1/6*r**3 + 2/5*r**5 - 1/6*r**4 + z + 17*r. Calculate i(-1).
-9
Let i = 234 - 232. Suppose -18 = 2*b + 3*h + i, -2*b + h = 12. Let l(n) = n**3 + 7*n**2 + n - 5. Determine l(b).
-12
Let h(f) = -f**3 + 14*f**2 - 12*f + 29. Suppose t - 288*d + 285*d - 16 = 0, 0 = -t - 4*d + 9. What is h(t)?
42
Let h(f) = f + 2. Let u(r) = 4*r - 10. Suppose -2*p + 5*n + 27 = 0, -13*n + 18*n = -25. Let t(s) = p*u(s) - 3*h(s). Determine t(15).
-1
Let s(u) = 8*u. Let q(m) be the third derivative of -m**5/60 - m**4/3 + m**3/6 + 68*m**2. Let a be q(-8). What is s(a)?
8
Let q(d) = -2*d + 4. Let c = 310 + -591. Let f = 290 + c. Determine q(f).
-14
Let v(x) = 6*x - 60. Suppose -2*q = -2*j + 14, 4*j - 216 = 9*q - 213. Determine v(j).
12
Let f(v) be the third derivative of -v**6/60 - 7*v**5/30 + v**4/8 - 11*v**3/6 - 170*v**2 - 9. Calculate f(-7).
-32
Suppose 0 = 2*m - 0*m - 4, -2*t - 4*m - 6 = 0. Let j = 1545 + -1545. Let l(z) = j*z**3 + 3*z**3 - 6*z + 2*z**2 - 10*z**2 - 4*z**3 + 188 - 178. What is l(t)?
3
Suppose -3355 = -u - 3358, 3*u = -4*c - 33. Let v(q) = -3*q**2 - 12*q - 9. Give v(c).
-45
Suppose 14*s = 16*s - 4. Suppose 4*d + 0 = -3*n + 2, -n = -s*d + 6. Let l(b) = -b**2 - 9*b - 8 - b**3 - 6*b**d + 1 - b**2. Determine l(-7).
7
Suppose -3*r = -p - 21, -6*p + p - 40 = -2*r. Let i = p + 12. Let b(z) be the third derivative of -z**4/24 - z**3/3 + 3*z**2. Calculate b(i).
-8
Let p(g) = -g + 8. Let b(q) = q**3 + 5*q**2 - 9. Suppose 3*j + 4*j + 497 = 0. Let t = -75 - j. Let x be b(t). Calculate p(x).
1
Suppose -2*z - 3*d = 14, 2*d - d - 42 = 4*z. Let l be z/((-2)/(1/1)). Let b(w) = 39*w + 6. Let a(u) = -88*u - 12. Let x(y) = -4*a(y) - 9*b(y). Determine x(l).
-1
Let u(n) = 5*n - 16. Let p(s) = 14*s - 47. Let c(f) = -6*p(f) + 17*u(f). Suppose -23*d + 149*d + 1134 = 0. Give c(d).
1
Let b(s) = -18*s + 2*s + 3*s + 12 + 2*s**2 - s**2 - 2. Let w be b(0). Let k(c) = c**3 - 10*c**2 + 3*c - 3. Determine k(w).
27
Let b(m) be the second derivative of m**5/60 + 5*m**4/24 - 5*m**3/6 + m**2/2 + 4*m. Let l(o) be the first derivative of b(o). Let d = 274 + -279. Give l(d).
-5
Let j(n) = -17*n + 49. Let i(k) = -6*k + 16. Let b(v) = 11*i(v) - 4*j(v). Let p be b(10). Let s(d) = -4 - 14*d + 0 + 15*d. What is s(p)?
-4
Let q(l) = -4*l - 1. Let h